 = -3*l + 12, -v - r*l = -0*l - 22. What is the remainder when 29 is divided by v?
9
Let f be 2/4*0 + 10. Let z = 154 + -124. Suppose -4*y = f - z. Calculate the remainder when 17 is divided by y.
2
Calculate the remainder when (-52 + -7)/(-1 - 0) is divided by 13.
7
Let y = 358 - 288. Calculate the remainder when y is divided by 3.
1
Let l = -9 + 13. Suppose 3*v - 67 = -l*o, 0 = -5*o + 3*v - 12 + 89. Calculate the remainder when 43 is divided by o.
11
Calculate the remainder when 164 is divided by (49/(-7))/((-4)/12).
17
Let t = -903 - -911. What is the remainder when 24 is divided by t?
0
Suppose 2*g = -0*g + 2*d + 68, 2*g - 65 = d. Calculate the remainder when 100 is divided by 1 + g/2 - 4/(-8).
15
Let a(p) = 10*p**3 - p**2 - 6*p - 6. Let j be a(4). Suppose -3*g - j = -3*c, 5*g + 0*g - 168 = -c. What is the remainder when c is divided by 39?
37
Let b(s) = 8*s + 62. Calculate the remainder when 119 is divided by b(0).
57
Let s(d) = -20*d - 3. Let u be s(-2). Let x = 97 - u. Suppose -x = -3*v - 2*v. Calculate the remainder when 22 is divided by v.
10
Suppose z = -5*a + 162, z - 168 = -38*a + 35*a. What is the remainder when z is divided by 92?
85
Let d = 30 + -25. Suppose -12 = -f - c, 37 = 2*f + 4*c + d. Calculate the remainder when 19 is divided by f.
3
Let a = -499 - -556. What is the remainder when a is divided by 10?
7
Suppose 3*l - g = 3*g + 46, -l = 5*g + 10. Suppose -m + 9 = -l. What is the remainder when m is divided by 6?
1
Let c(v) = 4*v + 38. Suppose -13*i - 77 = -2*i. What is the remainder when 48 is divided by c(i)?
8
Suppose 0*b - 58 = -2*b. What is the remainder when b is divided by 3*(370/222)/(2/2)?
4
Suppose 0 = -10*q + 41 + 99. What is the remainder when 320 is divided by q?
12
Suppose j + 14 = 5*i - 7, -3*i + j = -11. What is the remainder when 47 is divided by (1/i)/((-6)/(-390))?
8
Let y(b) = 39*b - 148. Calculate the remainder when y(36) is divided by 34.
32
Let p = -30 - -31. What is the remainder when 17 is divided by (-1 - p) + 4 + 4?
5
Suppose 5*n + 0*n - 335 = 0. What is the remainder when n is divided by 18?
13
Let v(n) be the first derivative of -n**4/4 - 2*n**3 + 3*n**2 + 7*n + 6. Let l be v(-5). Let s = 23 - l. Calculate the remainder when s is divided by 18.
17
What is the remainder when (-429)/((-3)/(-9)*-3) is divided by 62?
57
Let p(y) = -3*y + 14. Let b be p(3). What is the remainder when 49*((-30)/(-7))/b is divided by 9?
6
Suppose 0 = -f + 2*f - 2. Suppose -g + 53 = -f*c + 4*c, 4*c = -5*g + 103. Calculate the remainder when c is divided by (1/(-3))/((-2)/(39 - -3)).
6
Let q = 60 + -59. Let o = 16 + 5. Calculate the remainder when q + 1 + (2 - -77) is divided by o.
18
Let o(i) = i**2 - 40*i - 20. Calculate the remainder when 53 is divided by o(41).
11
Let u be (14/(-4))/((-1)/2). Suppose u*r = 3*r + 104. What is the remainder when 76 is divided by r?
24
Let l(z) = -54*z**3 + 2*z**2 + 2*z + 1. Suppose -56*j - 28*j = -13524. Calculate the remainder when j is divided by l(-1).
51
Let j(u) = 13*u + 211. Calculate the remainder when 230 is divided by j(-14).
27
Suppose 15 = -0*v + 3*v + 5*i, 3*i = 2*v + 9. Suppose v*u - 4*c = u - 27, 4*u - 3*c - 146 = 0. Calculate the remainder when 169 is divided by u.
29
Let o(r) = -r + 10. Calculate the remainder when ((-75)/300)/(3/(-156)) is divided by o(5).
3
Suppose -2*f - 2*d = 0, 2*f - 4*f - 4*d = 0. Suppose 5*b - 3*b = -5*h + 65, f = -5*b + 25. Calculate the remainder when 54 is divided by h.
10
Suppose 4*g + 42 = 7*g. Let k = g + -7. Calculate the remainder when k/(28/8) + 12 is divided by 5.
4
Let r(k) = k**2 + 17*k - 15. Let m be r(-17). Let n = m - -40. What is the remainder when 197 is divided by n?
22
Let i = -38 - 0. Let m = -37 - i. What is the remainder when m is divided by (-4)/(-14) - (-10)/14?
0
Let d be (6 - 0)*2/3. Suppose -3*q = 4*a - 10 - 0, a - 4*q = -7. Let w = d + a. What is the remainder when 19 is divided by w?
4
Calculate the remainder when 1246 is divided by (128/12)/((-22)/(-99)).
46
Suppose -p - 16 = 3*p, 5*o = -2*p + 552. What is the remainder when 552 is divided by o?
104
Let v(i) = -43*i + 10. Suppose 4*o + 16 + 12 = 0. Let m(s) = -29*s + 7. Let d(f) = o*m(f) + 5*v(f). What is the remainder when d(-6) is divided by 19?
16
Let q be 2/10 + (-158)/(-10). Suppose 4*s = q, 5*m + s + 2 = 4*m. What is the remainder when 45 is divided by m/(-30) + 59/5?
9
Let k be (-32)/((-4)/(4 - 0)). Let f = 2 + k. What is the remainder when f is divided by (-1)/(-1) - -3 - (-48)/6?
10
Calculate the remainder when 125 is divided by (-95)/((-10)/2) + 4 - 0.
10
Suppose -3 = -0*o - o. Suppose o*i + 4*k = 163, -5*k + 75 = i + 17. Let j(h) = h**3 - 42*h**2 - 3*h + 140. What is the remainder when i is divided by j(42)?
11
Suppose 6*q - 11*q = -15. Suppose 13 = 4*d - q*d. Suppose -4*c + 24 = -68. What is the remainder when c is divided by d?
10
Let z(v) = 9*v + 6. Let l be z(4). Let j = l + -3. What is the remainder when j is divided by 14?
11
Calculate the remainder when 251 is divided by 2/8 + (-690)/(-24) + -6.
21
Suppose 0 = -4*j + 20, 0 = -0*q - 2*q + j + 11. Let f(k) = k**2 + 8*k + 6. Calculate the remainder when f(q) is divided by 46.
42
Let j(c) = c + 1. Let v(m) = -7*m + 4. Let i(x) = 4*j(x) - v(x). Let z(k) = -k**2 - 12*k + 3. Calculate the remainder when i(5) is divided by z(-11).
13
Let v(q) = q**2 - 2*q - 11. Let d be v(5). Calculate the remainder when 106 is divided by 1/d - 3289/(-92).
34
Let r(a) = -a**3 + 11*a**2 - 18*a. Let w be r(9). Suppose -8*g = 2*f - 3*g - 78, 5*f + g - 149 = w. What is the remainder when f is divided by 11?
7
Let r(z) = z**3 + z**2 + 68. Let y be r(0). Suppose 3*j + 2*i + 80 = -j, 0 = -4*j + i - y. What is the remainder when (1*-2)/(j/63) is divided by 4?
3
Let m(w) = w**3 + 8*w**2 - 6*w + 38. Calculate the remainder when m(-8) is divided by 11.
9
Suppose 4*b = -2*r + 7*r + 37, 0 = -5*b + 5*r + 45. Suppose -48*x = -51*x - 51. Let f = x - -31. Calculate the remainder when f is divided by b.
6
Let u = 111 - 69. Suppose u*g - 44*g = -334. Calculate the remainder when g is divided by 43.
38
Let w = -9 - -13. Let y = 61 - w. What is the remainder when y is divided by (-24)/(-20)*(-50)/(-3)?
17
Let w(q) = 5*q**2 + 53*q + 51. What is the remainder when w(-19) is divided by 37?
35
Let a = 193 - 93. Suppose 4*h = a - 28. What is the remainder when 65 is divided by h?
11
Calculate the remainder when 80 is divided by (-7)/(7/(-20)) + (1 - 0).
17
Let i(z) = -2*z**2 + z. Let q be i(2). Let a = 12 - q. Calculate the remainder when 49 is divided by a.
13
Let i(l) = 2*l**2 + 8*l - 6. Let h be i(-15). Suppose -2*j - 10*j = -h. What is the remainder when j is divided by 11?
5
Suppose -p + 3*p - 4 = -2*n, 0 = -2*p + 2*n - 12. Let t = p + 11. Suppose 2*x + 2*x = 136. What is the remainder when x is divided by t?
7
Let t = 6 + -4. Suppose t*d - 25 = 5. What is the remainder when (-4)/(4/(-7)) + 20 is divided by d?
12
Let l(z) = -z**3 - 8*z**2 - 12*z + 18. Suppose 10*u = 20*u + 70. What is the remainder when l(u) is divided by 14?
11
Suppose 0 = 3*b - 6*b + 6. Suppose b*u = -2*u + 588. Calculate the remainder when u is divided by 25.
22
Suppose t - 416 + 413 = 0. Calculate the remainder when 14 is divided by t.
2
Let k(n) = 25*n - 1. Let y be k(1). Suppose 0*i = -i + y. Suppose -i = -5*f + 3*f. What is the remainder when 43 is divided by f?
7
Let m(q) = 4*q. Let r(y) = 5*y + 1. Let o(w) = -6*m(w) + 4*r(w). Let i be o(-13). Suppose -4*h + 12 = -i. What is the remainder when h is divided by 6?
5
Suppose -3*i - 2*b = -17 - 44, 3*b = -3*i + 63. Suppose -i*f = -22*f + 99. Calculate the remainder when f is divided by 4.
1
Let z(v) = -v**3 + 9*v**2 - 11*v + 4. Suppose 0*n - 5*n = -3*f + 41, -2*n - 43 = -5*f. Suppose -2 - 5 = -b. What is the remainder when z(f) is divided by b?
4
Suppose -18 - 170 = -2*y + 3*g, -112 = -y - 3*g. What is the remainder when y is divided by 38?
24
Let c = -74 + 112. What is the remainder when 32 is divided by (c/(-5))/(30/(-75))?
13
Suppose -3*a + 25 = 2*a - x, 5*a + 3*x = 5. Let p be 96/36*3/a. Suppose p*w + 0*j + 4*j = 86, 3*j - 180 = -5*w. Calculate the remainder when w is divided by 12.
9
Let l(g) = 0 - 1 - g**3 + 5 + 8*g**2 - 8*g. Calculate the remainder when 83 is divided by l(6).
27
Suppose -7*l = -l. Suppose l = y 